{"id":105,"date":"2021-10-12T23:24:20","date_gmt":"2021-10-12T23:24:20","guid":{"rendered":"https:\/\/fondeclum.com\/nuevo\/?page_id=105"},"modified":"2021-10-24T21:55:56","modified_gmt":"2021-10-24T21:55:56","slug":"organos-de-administracion","status":"publish","type":"page","link":"https:\/\/fondeclum.com\/nuevo\/organos-de-administracion\/","title":{"rendered":"\u00d3rganos de Administraci\u00f3n"},"content":{"rendered":"\t\t<div data-elementor-type=\"wp-page\" data-elementor-id=\"105\" class=\"elementor elementor-105\">\n\t\t\t\t\t\t<section class=\"elementor-section elementor-top-section elementor-element elementor-element-b0e190c elementor-section-boxed elementor-section-height-default elementor-section-height-default\" data-id=\"b0e190c\" data-element_type=\"section\" data-e-type=\"section\">\n\t\t\t\t\t\t<div class=\"elementor-container elementor-column-gap-default\">\n\t\t\t\t\t<div class=\"elementor-column elementor-col-100 elementor-top-column elementor-element elementor-element-842ed32\" data-id=\"842ed32\" data-element_type=\"column\" data-e-type=\"column\">\n\t\t\t<div class=\"elementor-widget-wrap elementor-element-populated\">\n\t\t\t\t\t\t<div class=\"elementor-element elementor-element-2c0ad05 elementor-widget elementor-widget-heading\" data-id=\"2c0ad05\" data-element_type=\"widget\" data-e-type=\"widget\" data-widget_type=\"heading.default\">\n\t\t\t\t<div class=\"elementor-widget-container\">\n\t\t\t\t\t<h3 class=\"elementor-heading-title elementor-size-default\">ORGANOS DE ADMINISTRACI\u00d3N<\/h3>\t\t\t\t<\/div>\n\t\t\t\t<\/div>\n\t\t\t\t<div class=\"elementor-element elementor-element-d4eb49c elementor-widget elementor-widget-image\" data-id=\"d4eb49c\" data-element_type=\"widget\" data-e-type=\"widget\" data-widget_type=\"image.default\">\n\t\t\t\t<div class=\"elementor-widget-container\">\n\t\t\t\t\t\t\t\t\t\t\t\t\t\t\t<img fetchpriority=\"high\" decoding=\"async\" width=\"768\" height=\"544\" src=\"https:\/\/fondeclum.com\/nuevo\/wp-content\/uploads\/2021\/10\/organigrama-768x544.png\" class=\"attachment-medium_large size-medium_large wp-image-1430\" alt=\"\" srcset=\"https:\/\/fondeclum.com\/nuevo\/wp-content\/uploads\/2021\/10\/organigrama-768x544.png 768w, https:\/\/fondeclum.com\/nuevo\/wp-content\/uploads\/2021\/10\/organigrama-300x213.png 300w, https:\/\/fondeclum.com\/nuevo\/wp-content\/uploads\/2021\/10\/organigrama-1024x726.png 1024w, https:\/\/fondeclum.com\/nuevo\/wp-content\/uploads\/2021\/10\/organigrama-1536x1089.png 1536w, https:\/\/fondeclum.com\/nuevo\/wp-content\/uploads\/2021\/10\/organigrama.png 1713w\" sizes=\"(max-width: 768px) 100vw, 768px\" \/>\t\t\t\t\t\t\t\t\t\t\t\t\t\t\t<\/div>\n\t\t\t\t<\/div>\n\t\t\t\t\t<\/div>\n\t\t<\/div>\n\t\t\t\t\t<\/div>\n\t\t<\/section>\n\t\t\t\t<section class=\"elementor-section elementor-top-section elementor-element elementor-element-b27512a elementor-section-boxed elementor-section-height-default elementor-section-height-default\" data-id=\"b27512a\" data-element_type=\"section\" data-e-type=\"section\">\n\t\t\t\t\t\t<div class=\"elementor-container elementor-column-gap-default\">\n\t\t\t\t\t<div class=\"elementor-column elementor-col-100 elementor-top-column elementor-element elementor-element-695863c\" data-id=\"695863c\" data-element_type=\"column\" data-e-type=\"column\">\n\t\t\t<div class=\"elementor-widget-wrap elementor-element-populated\">\n\t\t\t\t\t\t\t<\/div>\n\t\t<\/div>\n\t\t\t\t\t<\/div>\n\t\t<\/section>\n\t\t\t\t<section class=\"elementor-section elementor-top-section elementor-element elementor-element-494932e elementor-section-boxed elementor-section-height-default elementor-section-height-default\" data-id=\"494932e\" data-element_type=\"section\" data-e-type=\"section\">\n\t\t\t\t\t\t<div class=\"elementor-container elementor-column-gap-default\">\n\t\t\t\t\t<div class=\"elementor-column elementor-col-100 elementor-top-column elementor-element elementor-element-8c9980d\" data-id=\"8c9980d\" data-element_type=\"column\" data-e-type=\"column\">\n\t\t\t<div class=\"elementor-widget-wrap elementor-element-populated\">\n\t\t\t\t\t\t<div class=\"elementor-element elementor-element-8968549 elementor-widget elementor-widget-text-editor\" data-id=\"8968549\" data-element_type=\"widget\" data-e-type=\"widget\" data-widget_type=\"text-editor.default\">\n\t\t\t\t<div class=\"elementor-widget-container\">\n\t\t\t\t\t\t\t\t\t<p style=\"text-align: justify;\"><b><span lang=\"ES-CO\" style=\"font-size: 12.0pt; line-height: 107%;\">Asamblea General<\/span><\/b><span lang=\"ES-CO\" style=\"font-size: 12.0pt; line-height: 107%;\">: es el m\u00e1ximo organismo de administraci\u00f3n de \u201cFONDECLUM\u201d, compuesta por asociados h\u00e1biles, sus acuerdos y decisiones son de car\u00e1cter obligatorio para la totalidad de los asociados, siempre que sean adoptadas de conformidad con las normas legales, reglamentarias y estatutarias.<\/span><\/p><p style=\"text-align: justify;\"><b><span lang=\"ES-CO\" style=\"font-size: 12.0pt; line-height: 107%;\">Junta Directiva:<\/span><\/b><span lang=\"ES-CO\" style=\"font-size: 12.0pt; line-height: 107%;\"> Es el organismo de administraci\u00f3n permanente, sujeta a la Asamblea General de Asociados o de delegados y es responsable de la direcci\u00f3n general de los negocios y operaciones. Esta integrada por asociados h\u00e1biles en n\u00famero de cinco principales y cinco suplentes num\u00e9ricos, De los miembros principales dos son elegidos por periodos de dos a\u00f1os y los tres restantes para periodos de un a\u00f1o.<\/span><span style=\"font-style: inherit; font-weight: inherit; color: var( --e-global-color-text ); font-family: var( --e-global-typography-text-font-family ), Sans-serif;\">\u00a0<\/span><\/p><p>\u00a0<\/p><p style=\"text-align: justify;\"><b><span lang=\"ES-CO\">Comit\u00e9 de Control Social<\/span><\/b><span lang=\"ES-CO\">: es el organismo encargado de velar por el correcto funcionamiento y eficiente administraci\u00f3n de \u201cFONDECLUM\u201d, esta integrado por tres miembros principales y tres suplentes num\u00e9ricos. Son elegidos por la asamblea General de Asociados o delegados por un periodo de un a\u00f1o, responden ante la misma y los entres de control del estado, por el cumplimiento de sus deberes, dentro de los limites de la Ley y de los estatutos.<\/span><\/p>\t\t\t\t\t\t\t\t<\/div>\n\t\t\t\t<\/div>\n\t\t\t\t\t<\/div>\n\t\t<\/div>\n\t\t\t\t\t<\/div>\n\t\t<\/section>\n\t\t\t\t<\/div>\n\t\t","protected":false},"excerpt":{"rendered":"<p>ORGANOS DE ADMINISTRACI\u00d3N Asamblea General: es el m\u00e1ximo organismo de administraci\u00f3n de \u201cFONDECLUM\u201d, compuesta por asociados h\u00e1biles, sus acuerdos y decisiones son de car\u00e1cter obligatorio para la totalidad de los asociados, siempre que sean adoptadas de conformidad con las normas legales, reglamentarias y estatutarias. Junta Directiva: Es el organismo de administraci\u00f3n permanente, sujeta a la &hellip;<\/p>\n<p class=\"read-more\"> <a class=\"\" href=\"https:\/\/fondeclum.com\/nuevo\/organos-de-administracion\/\"> <span class=\"screen-reader-text\">\u00d3rganos de Administraci\u00f3n<\/span> Leer m\u00e1s &raquo;<\/a><\/p>\n","protected":false},"author":1,"featured_media":0,"parent":0,"menu_order":0,"comment_status":"closed","ping_status":"closed","template":"","meta":{"footnotes":""},"class_list":["post-105","page","type-page","status-publish","hentry"],"_links":{"self":[{"href":"https:\/\/fondeclum.com\/nuevo\/wp-json\/wp\/v2\/pages\/105","targetHints":{"allow":["GET"]}}],"collection":[{"href":"https:\/\/fondeclum.com\/nuevo\/wp-json\/wp\/v2\/pages"}],"about":[{"href":"https:\/\/fondeclum.com\/nuevo\/wp-json\/wp\/v2\/types\/page"}],"author":[{"embeddable":true,"href":"https:\/\/fondeclum.com\/nuevo\/wp-json\/wp\/v2\/users\/1"}],"replies":[{"embeddable":true,"href":"https:\/\/fondeclum.com\/nuevo\/wp-json\/wp\/v2\/comments?post=105"}],"version-history":[{"count":4,"href":"https:\/\/fondeclum.com\/nuevo\/wp-json\/wp\/v2\/pages\/105\/revisions"}],"predecessor-version":[{"id":1433,"href":"https:\/\/fondeclum.com\/nuevo\/wp-json\/wp\/v2\/pages\/105\/revisions\/1433"}],"wp:attachment":[{"href":"https:\/\/fondeclum.com\/nuevo\/wp-json\/wp\/v2\/media?parent=105"}],"curies":[{"name":"wp","href":"https:\/\/api.w.org\/{rel}","templated":true}]}}